{"id":4,"date":"2016-09-06T22:35:17","date_gmt":"2016-09-06T22:35:17","guid":{"rendered":"http:\/\/localhost\/wordpress\/?page_id=4"},"modified":"2017-01-11T11:44:59","modified_gmt":"2017-01-11T11:44:59","slug":"archives","status":"publish","type":"page","link":"https:\/\/hameaux-du-golf.ma\/index.php\/archives\/","title":{"rendered":"Archives de l&#8217;association"},"content":{"rendered":"<div class=\"entry\">\n<p><a href=\"http:\/\/57.128.212.39:8000\/wp-content\/uploads\/2016\/10\/Distribution-des-fonctions-au-sein-du-bureau-1.docx\">pv<\/a><\/p>\n<p>Voici quelques archives de l&#8217;association. Celles-ci seront compl\u00e9t\u00e9es au fur et \u00e0 mesure :<br \/>\nPour visualiser directement les archives sur votre navigateur, allez sur ce lien :<br \/>\n<a href=\"http:\/\/57.128.212.39:8000\/index.php\/visualiser-les-archives\" target=\"_blank\">Visualiser les archives<\/a><\/p>\n<h2>Assembl\u00e9es g\u00e9n\u00e9rales<\/h2>\n<p>Proc\u00e8s verbal de l&#8217;Assembl\u00e9e G\u00e9n\u00e9rale Ordinaire en date du <strong>04\/09\/2016<\/strong> \u00e0 11 heures :<br \/>\n<a href=\"http:\/\/57.128.212.39:8000\/wp-content\/uploads\/2016\/09\/PV-de-lAGO-du-04.09.2016.docx\">pv-de-lago-du-04-09-2016<\/a><\/p>\n<h2>Bureau de l&#8217;association<\/h2>\n<p>Ordre du jour de la r\u00e9union du bureau du <strong>09\/10\/2016<\/strong> \u00e0 10h :<br \/>\n<a href=\"http:\/\/57.128.212.39:8000\/wp-content\/uploads\/2016\/09\/ordre_du_jour_09102016.docx\">ordre_du_jour_09102016<\/a><\/p>\n<p>Proc\u00e8s verbal de r\u00e9union du bureau du <strong>04\/09\/2016<\/strong> \u00e0 14 heures :<br \/>\n<a href=\"http:\/\/57.128.212.39:8000\/wp-content\/uploads\/2016\/09\/R-du-04.09.2016.docx\">r-du-04-09-2016<\/a><\/p>\n<h2>Commission communication et animation<\/h2>\n<p>Pr\u00e9sentation de la commission communication et animation du <strong>26\/08\/2016<\/strong> :<br \/>\n<a href=\"http:\/\/57.128.212.39:8000\/wp-content\/uploads\/2016\/09\/Prez_26.08.2016.pptx\">prez_26-08-2016<\/a><\/p>\n<h2>Commission suivi des prestations<\/h2>\n<p>Pr\u00e9sentation de la commission suivi des prestations (date \u00e0 compl\u00e9ter) :<br \/>\n<a href=\"http:\/\/57.128.212.39:8000\/wp-content\/uploads\/2016\/09\/Suivi-des-Prestations.pptx\">suivi-des-prestations<\/a><\/p>\n<p><a href=\"http:\/\/57.128.212.39:8000\/wp-content\/uploads\/2016\/11\/A.O.-Le-Calendrier.docx\">Calendrier des appels d&#8217;offres<\/a><\/p>\n<h2>Commission juridique<\/h2>\n<\/div>\n","protected":false},"excerpt":{"rendered":"<p>pv Voici quelques archives de l&#8217;association. Celles-ci seront compl\u00e9t\u00e9es au fur et \u00e0 mesure : Pour visualiser directement les archives sur votre navigateur, allez sur ce lien : Visualiser les archives Assembl\u00e9es g\u00e9n\u00e9rales Proc\u00e8s verbal de l&#8217;Assembl\u00e9e G\u00e9n\u00e9rale Ordinaire en date du 04\/09\/2016 \u00e0 11 heures : pv-de-lago-du-04-09-2016 Bureau de l&#8217;association Ordre du jour de &#8230;<\/p>\n","protected":false},"author":1,"featured_media":0,"parent":0,"menu_order":0,"comment_status":"closed","ping_status":"closed","template":"","meta":{"footnotes":""},"class_list":["post-4","page","type-page","status-publish"],"_links":{"self":[{"href":"https:\/\/hameaux-du-golf.ma\/index.php\/wp-json\/wp\/v2\/pages\/4","targetHints":{"allow":["GET"]}}],"collection":[{"href":"https:\/\/hameaux-du-golf.ma\/index.php\/wp-json\/wp\/v2\/pages"}],"about":[{"href":"https:\/\/hameaux-du-golf.ma\/index.php\/wp-json\/wp\/v2\/types\/page"}],"author":[{"embeddable":true,"href":"https:\/\/hameaux-du-golf.ma\/index.php\/wp-json\/wp\/v2\/users\/1"}],"replies":[{"embeddable":true,"href":"https:\/\/hameaux-du-golf.ma\/index.php\/wp-json\/wp\/v2\/comments?post=4"}],"version-history":[{"count":18,"href":"https:\/\/hameaux-du-golf.ma\/index.php\/wp-json\/wp\/v2\/pages\/4\/revisions"}],"predecessor-version":[{"id":538,"href":"https:\/\/hameaux-du-golf.ma\/index.php\/wp-json\/wp\/v2\/pages\/4\/revisions\/538"}],"wp:attachment":[{"href":"https:\/\/hameaux-du-golf.ma\/index.php\/wp-json\/wp\/v2\/media?parent=4"}],"curies":[{"name":"wp","href":"https:\/\/api.w.org\/{rel}","templated":true}]}}