{"id":164,"date":"2016-09-27T19:44:09","date_gmt":"2016-09-27T19:44:09","guid":{"rendered":"http:\/\/hameaux-du-golf.ma\/?page_id=164"},"modified":"2020-08-29T18:08:43","modified_gmt":"2020-08-29T17:08:43","slug":"prestations-de-services","status":"publish","type":"page","link":"https:\/\/hameaux-du-golf.ma\/index.php\/prestations-de-services\/","title":{"rendered":"Prestations de services"},"content":{"rendered":"<div class=\"entry\">\n<h3>Am\u00e9nagement du canal paysager<\/h3>\n<p><a href=\"http:\/\/57.128.212.39:8000\/wp-content\/uploads\/2020\/08\/ETUDE-DE-PROTECTION-CONTRE-LES-INONDATIONS-BOUZNIKA-BAY-05-08-2020.docx\">\u00c9tude de protection contre les inondations-Canal Paysager<\/a><\/p>\n<p><a href=\"http:\/\/57.128.212.39:8000\/wp-content\/uploads\/2020\/08\/Plan-de-profil.pdf\">Profil en long &#8211; Am\u00e9nagement Foss\u00e9 <\/a><\/p>\n<p><a href=\"http:\/\/57.128.212.39:8000\/wp-content\/uploads\/2020\/08\/Esquisse-1-piscine-scaled.jpg\">Esquisse 1 &#8211; Piscine<\/a><\/p>\n<p>&nbsp;<\/p>\n<h3><strong>Gardiennage<\/strong><\/h3>\n<p><a href=\"http:\/\/57.128.212.39:8000\/wp-content\/uploads\/2017\/03\/March\u00e9-gardiennage-2017.doc\">March\u00e9 de gardiennage 2017\/2018<\/a><\/p>\n<h3><strong>Nettoyage<\/strong><\/h3>\n<p><a href=\"http:\/\/57.128.212.39:8000\/wp-content\/uploads\/2017\/03\/March\u00e9-entretien-2017.doc\">March\u00e9 d&#8217;entretien 2017\/2018<\/a><\/p>\n<h3><strong>Jardinage<\/strong><\/h3>\n<p><a href=\"http:\/\/57.128.212.39:8000\/wp-content\/uploads\/2017\/03\/March\u00e9-jardiennage-2017.doc\">March\u00e9 jardinage 2017<\/a><\/p>\n<h3><strong>Traitements anti nuisibles<\/strong><\/h3>\n<p><a href=\"http:\/\/57.128.212.39:8000\/wp-content\/uploads\/2017\/09\/CPS-Anti-nuisibles.docx\">Contrat anti nuisibles 2017<\/a><\/p>\n<h3><strong>Animation<\/strong><\/h3>\n<p><a href=\"http:\/\/57.128.212.39:8000\/wp-content\/uploads\/2017\/07\/Atelier-Jardinage-15.07.docx\">Initiation jardinage Atelier n\u00b01<\/a><\/p>\n<p><a href=\"http:\/\/57.128.212.39:8000\/wp-content\/uploads\/2017\/09\/Initiation-Jardinage-n\u00b0-2.docx\">Initiation jardinage Atelier n\u00b02<\/a><\/p>\n<p><a href=\"http:\/\/57.128.212.39:8000\/wp-content\/uploads\/2017\/08\/Jardinage-Atelier-n\u00b0-3.docx\">Initiation jardinage Atelier n\u00b03<\/a><\/p>\n<p><a href=\"http:\/\/57.128.212.39:8000\/wp-content\/uploads\/2017\/08\/Jardinage-Atelier-n\u00b0-4.docx\">Initiation jardinage Atelier n\u00b04<\/a><\/p>\n<p><a href=\"http:\/\/57.128.212.39:8000\/wp-content\/uploads\/2017\/08\/Jardinage-Atelier-n\u00b0-5.docx\">Initiation jardinage Atelier n\u00b05<\/a><\/p>\n<p>&nbsp;<\/p>\n<\/div>\n","protected":false},"excerpt":{"rendered":"<p>Am\u00e9nagement du canal paysager \u00c9tude de protection contre les inondations-Canal Paysager Profil en long &#8211; Am\u00e9nagement Foss\u00e9 Esquisse 1 &#8211; Piscine &nbsp; Gardiennage March\u00e9 de gardiennage 2017\/2018 Nettoyage March\u00e9 d&#8217;entretien 2017\/2018 Jardinage March\u00e9 jardinage 2017 Traitements anti nuisibles Contrat anti nuisibles 2017 Animation Initiation jardinage Atelier n\u00b01 Initiation jardinage Atelier n\u00b02 Initiation jardinage Atelier n\u00b03 &#8230;<\/p>\n","protected":false},"author":1,"featured_media":0,"parent":0,"menu_order":0,"comment_status":"closed","ping_status":"closed","template":"","meta":{"footnotes":""},"class_list":["post-164","page","type-page","status-publish"],"_links":{"self":[{"href":"https:\/\/hameaux-du-golf.ma\/index.php\/wp-json\/wp\/v2\/pages\/164","targetHints":{"allow":["GET"]}}],"collection":[{"href":"https:\/\/hameaux-du-golf.ma\/index.php\/wp-json\/wp\/v2\/pages"}],"about":[{"href":"https:\/\/hameaux-du-golf.ma\/index.php\/wp-json\/wp\/v2\/types\/page"}],"author":[{"embeddable":true,"href":"https:\/\/hameaux-du-golf.ma\/index.php\/wp-json\/wp\/v2\/users\/1"}],"replies":[{"embeddable":true,"href":"https:\/\/hameaux-du-golf.ma\/index.php\/wp-json\/wp\/v2\/comments?post=164"}],"version-history":[{"count":17,"href":"https:\/\/hameaux-du-golf.ma\/index.php\/wp-json\/wp\/v2\/pages\/164\/revisions"}],"predecessor-version":[{"id":1438,"href":"https:\/\/hameaux-du-golf.ma\/index.php\/wp-json\/wp\/v2\/pages\/164\/revisions\/1438"}],"wp:attachment":[{"href":"https:\/\/hameaux-du-golf.ma\/index.php\/wp-json\/wp\/v2\/media?parent=164"}],"curies":[{"name":"wp","href":"https:\/\/api.w.org\/{rel}","templated":true}]}}